mainder when 21251649 is divided by 37.
33
What is the remainder when 17300956 is divided by 5766895?
271
Calculate the remainder when 3449536 is divided by 2195.
1191
Calculate the remainder when 23243274 is divided by 353.
342
What is the remainder when 469711563 is divided by 207?
204
Calculate the remainder when 12137 is divided by 1400.
937
What is the remainder when 157799 is divided by 1132?
451
What is the remainder when 1502317 is divided by 2542?
2537
Calculate the remainder when 33755673 is divided by 4602.
3
Calculate the remainder when 29850 is divided by 4071.
1353
Calculate the remainder when 2173980 is divided by 19068.
228
Calculate the remainder when 12442 is divided by 1974.
598
What is the remainder when 1491662 is divided by 4064?
174
What is the remainder when 56043 is divided by 3759?
3417
Calculate the remainder when 7948161 is divided by 7948050.
111
Calculate the remainder when 1020143901 is divided by 426.
423
What is the remainder when 65357 is divided by 10959?
10562
What is the remainder when 203055078 is divided by 40611012?
18
What is the remainder when 6839941 is divided by 22574?
19
What is the remainder when 15243974 is divided by 5081308?
50
Calculate the remainder when 554823 is divided by 1168.
23
Calculate the remainder when 219650 is divided by 3381.
3266
What is the remainder when 41758715 is divided by 111?
71
Calculate the remainder when 453051 is divided by 2875.
1676
Calculate the remainder when 1351610 is divided by 3520.
3450
What is the remainder when 227133 is divided by 44546?
4403
Calculate the remainder when 2738084 is divided by 27.
14
Calculate the remainder when 2631949 is divided by 1397.
1
Calculate the remainder when 845694 is divided by 211401.
90
What is the remainder when 1253083 is divided by 10271?
21
What is the remainder when 68663 is divided by 16794?
1487
What is the remainder when 191708 is divided by 52?
36
What is the remainder when 1895175 is divided by 59?
36
What is the remainder when 107068 is divided by 415?
413
What is the remainder when 171334 is divided by 171247?
87
What is the remainder when 202325748 is divided by 649?
647
Calculate the remainder when 107044 is divided by 17783.
346
Calculate the remainder when 4140281 is divided by 51.
50
Calculate the remainder when 2041639 is divided by 1020775.
89
Calculate the remainder when 3702675 is divided by 2128.
2083
What is the remainder when 49657 is divided by 1141?
594
Calculate the remainder when 24457080 is divided by 42832.
8
What is the remainder when 87311 is divided by 43640?
31
What is the remainder when 4339927 is divided by 1190?
1187
What is the remainder when 1137595 is divided by 12390?
10105
What is the remainder when 13500501 is divided by 643?
73
Calculate the remainder when 3144341 is divided by 3132.
2945
What is the remainder when 1800649 is divided by 10913?
4
Calculate the remainder when 1899433 is divided by 146.
119
Calculate the remainder when 1509529 is divided by 1509519.
10
Calculate the remainder when 6660 is divided by 2184.
108
Calculate the remainder when 12266 is divided by 659.
404
Calculate the remainder when 846053 is divided by 841.
7
What is the remainder when 124730823 is divided by 373?
369
Calculate the remainder when 226491 is divided by 112961.
569
Calculate the remainder when 50197001 is divided by 2764.
2761
Calculate the remainder when 2197517 is divided by 71.
67
What is the remainder when 1546351 is divided by 2741?
427
What is the remainder when 9099648 is divided by 4549757?
134
Calculate the remainder when 37010043 is divided by 68920.
3
What is the remainder when 894108 is divided by 149007?
66
What is the remainder when 99905 is divided by 543?
536
What is the remainder when 575407 is divided by 95872?
175
Calculate the remainder when 2687573 is divided by 70.
63
What is the remainder when 16358896 is divided by 439?
0
What is the remainder when 11089650 is divided by 1318?
1316
What is the remainder when 2133799 is divided by 82?
77
What is the remainder when 899427 is divided by 153?
93
What is the remainder when 3354504 is divided by 279542?
0
Calculate the remainder when 47419593 is divided by 18.
15
Calculate the remainder when 57818 is divided by 7160.
538
What is the remainder when 41795 is divided by 184?
27
What is the remainder when 3305205 is divided by 24?
21
Calculate the remainder when 490873 is divided by 993.
331
Calculate the remainder when 4258058 is divided by 118278.
50
Calculate the remainder when 1948629 is divided by 278365.
74
Calculate the remainder when 124077 is divided by 5214.
4155
Calculate the remainder when 70656631 is divided by 30.
1
Calculate the remainder when 5099144 is divided by 261.
248
Calculate the remainder when 1233806 is divided by 106.
72
What is the remainder when 19362922 is divided by 365338?
8
Calculate the remainder when 67953052 is divided by 62.
60
Calculate the remainder when 1397962 is divided by 111.
28
What is the remainder when 5657030 is divided by 31781?
12
What is the remainder when 42425216 is divided by 1307?
1303
What is the remainder when 338770 is divided by 112919?
13
What is the remainder when 12954815 is divided by 11120?
15
What is the remainder when 1895601 is divided by 57436?
213
What is the remainder when 2173097 is divided by 2172896?
201
Calculate the remainder when 12270688 is divided by 313.
149
Calculate the remainder when 444447 is divided by 102.
33
Calculate the remainder when 208336 is divided by 3399.
997
What is the remainder when 3979 is divided by 1516?
947
What is the remainder when 3328453 is divided by 634?
587
Calculate the remainder when 17499 is divided by 3683.
2767
Calculate the remainder when 2742373 is divided by 11238.
301
Calculate the remainder when 9575035 is divided by 1695.
1675
What is the remainder when 364306 is divided by 2922?
1978
Calculate the remainder when 33220 is divided by 673.
243
Calculate the remainder when 560422 is divided by 4304.
902
Calculate the remainder when 35154 is divided by 757.
332
What is the remainder when 68886964 is divided by 310?
4
What is the remainder when 316722 is divided by 101?
87
Calculate the remainder when 11193088 is divided by 1095.
1093
What is the remainder when 828141 is divided by 828130?
11
What is the remainder when 3819512 is divided by 2115?
1937
Calculate the remainder when 792437 is divided by 137.
29
Calculate the remainder when 163992 is divided by 226.
142
Calculate the remainder when 116287504 is divided by 17500.
4
What is the remainder when 4732 is divided by 645?
217
What is the remainder when 321122 is divided by 4698?
1658
Calculate the remainder when 1465916 is divided by 81.
59
What is the remainder when 1031103 is divided by 1030729?
374
What is the remainder when 295123 is divided by 1706?
1691
What is the remainder when 67875 is divided by 22604?
63
Calculate the remainder when 882062 is divided by 2243.
563
What is the remainder when 131771261 is divided by 43923750?
11
Calculate the remainder when 175490 is divided by 9968.
6034
What is the remainder when 25473 is divided by 1172?
861
Calculate the remainder when 220865 is divided by 55211.
21
Calculate the remainder when 86326 is divided by 14382.
34
Calculate the remainder when 2688951 is divided by 70.
41
What is the remainder when 90793 is divided by 819?
703
What is the remainder when 19561775 is divided by 168?
23
What is the remainder when 2045959 is divided by 34676?
75
Calculate the remainder when 82078 is divided by 1675.
3
Calculate the remainder when 16181524 is divided by 317.
259
Calculate the remainder when 672870 is divided by 168090.
510
What is the remainder when 13729637 is divided by 218?
215
Calculate the remainder when 170476 is divided by 310.
286
What is the remainder when 322989 is divided by 161452?
85
Calculate the remainder when 246773 is divided by 20069.
5945
Calculate the remainder when 37129287 is divided by 1841.
1840
What is the remainder when 951645 is divided by 237902?
37
Calculate the remainder when 2627810 is divided by 1313895.
20
What is the remainder when 556461292 is divided by 11384?
11372
Calculate the remainder when 398182 is divided by 398076.
106
Calculate the remainder when 779824 is divided